late 0 + -12 + 6 - (-15 + -1) - (-155 + 259).
-94
What is 129 + (-56 - -46) + -15 + -7 + 9?
106
8 - (-6 + (23 - 41) + 20)
12
Evaluate (-6 - 6 - -1) + 21 + (2 - 0).
12
What is the value of 8 + (-4 - (10 + 6)) - -19 - -9?
16
What is the value of -1 + 0 - (-5 - 12) - (-956 - -908)?
64
Evaluate 46 - (26 + 16 + 11).
-7
Calculate 5594 + -5510 + -1 + -107.
-24
-23 + 2 - (-93 - (-170 + 87))
-11
Evaluate -3 + -3 + -3 + -2 - (-17 + (62 - 13)).
-43
Calculate 31 - 5 - (-74 + -2 + -9).
111
What is the value of 45 + -34 - (16 + (1 - 1 - 3))?
-2
What is (-145 - (-168 + 33)) + -1 + 32?
21
Evaluate -8 + 1 + (51 - (17 - (-19 - (-11 + -4)))).
23
Calculate -48 + (-9 + 40 - 6).
-23
(-18 - (5 + 35 + -18)) + (1 - 7) - -7
-39
Calculate -11 + (-57 + 67 - (7 + 17)).
-25
Evaluate 34 + -37 + 19 + -2 + 108 + (20 - 4).
138
Evaluate -98 + (0 - 2) + 96 + (-50 - -7) + -45.
-92
60 + (-33 - (48 - 44))
23
Calculate -63 + (-25 - 44 - -68).
-64
What is the value of (-32 - -66 - -39) + -48?
25
What is the value of (6 - -5) + (675 - 666 - (66 + 1 + -2))?
-45
-58 - (80 + -28) - -15
-95
What is 3 + -6 + 4 + -15 + 2 + -2 + 82?
68
What is (-15 - -51 - -2) + (2 - -3) + -1 + 3?
45
Evaluate -48 - 55 - (-55 + 3).
-51
What is 3 - (57 + (-44 - 17))?
7
What is the value of -73 - (26 + -31 + 30 - 31)?
-67
What is the value of 0 - (22 + (-4 + 3 - 11)) - (2 + 9)?
-21
What is 45 - 27 - 39 - -29 - -7?
15
What is -11 - (13 - 36) - (10 + -59 + 8 - -1)?
52
Evaluate 2 + -136 - (1537 + -1670).
-1
Evaluate -41 + -49 + (10 - -24).
-56
Calculate 5 + -2 + -2 + (39 - -15 - 30 - 148).
-123
Calculate (-38 - 0) + 73 + -29 + -32.
-26
Evaluate 8 + (-14 - (1 - -26)) - (-2 + 2 + -5).
-28
Evaluate (-20 - -2) + 66 + -47 + -39.
-38
What is (14 - 15) + 46 + -91?
-46
-1 - -24 - (0 - -1 - (24 + -29 - -10))
27
Evaluate 40 - -8 - 99 - -58.
7
1 + 15 + -2 + (-38 + -1 - (-120 + 1))
94
What is the value of -2 - -8 - (274 - 281) - (57 + 1)?
-45
Evaluate -1351 + 1280 + (11 - -68).
8
(48 - (-51 - -86)) + (0 - 39)
-26
Calculate (18 - 76) + 199 + -68.
73
-16 + 9 - (20 + 3 - 46)
16
What is 22 + -12 + 4 + -31 - 8?
-25
What is the value of 97 + (-62 - -31) - 38?
28
Evaluate 58 + (-95 - -15) + -55.
-77
What is (22 + -47 + 19 - 10) + (7 - 1)?
-10
What is the value of 3 + 2 + -98 + (-5 - -4) + (-22 - -35)?
-81
What is the value of 131 + -6 + (-20 - 61)?
44
What is the value of (9 - (6 + -5)) + -12 + 13 + (-17 - -4)?
-4
131 + -174 + (3 - 14 - -1 - -3)
-50
What is the value of (-11 + 58 - 47) + -4 + -1 - (22 + 0)?
-27
Evaluate (-17 - -48 - -20) + -88.
-37
What is (1 - 5) + 4 - (1310 - 1306)?
-4
Calculate 1 - 10 - (-22 + -29 + (66 - -4)).
-28
What is 95 + 35 + (16 + -68 - 15)?
63
What is the value of (-6471 + 6492 - ((0 - -20) + -1)) + 72?
74
-3 - (3 + (7 - 14)) - -10
11
(2 - 41) + (123 - 111) - -66
39
47 - (51 - -5) - -31
22
Calculate -1 + (-16 - -13 - (6 - -3)) + 14.
1
Evaluate -8 + (7 - 1 - (-75 - -87)) + 136 + -1.
121
20 + (80 + -32 - 58)
10
Evaluate 176 + -168 + (8 - 124).
-108
What is (196 - (411 - 210)) + (-50 - 1)?
-56
What is the value of -32 + (-29 - (5 + -30)) + -37?
-73
What is the value of -11 + 2 + 2 + (-154 - -148) + -21?
-34
Calculate (-45 - -19) + -19 + 12.
-33
What is (5578 - 5643) + -3 + 22 + 0?
-46
What is -4 + -66 + 84 - (-3 - 0 - 10)?
27
Evaluate 3 + (-14 - 0) - (-6985 - -6867).
107
What is the value of (2 + 14 - 1) + -77 + 100 + 1?
39
Evaluate 13 - ((41 - 3) + -33 + 27).
-19
-7 + 3 - (2 - 3) - (10 + (-66 - -102))
-49
Calculate 0 + -21 + 43 + 4.
26
Calculate 22 - (-145 + 59 - -46).
62
Calculate (63 + 5 + -2 - (3 - 1)) + (7 - 0).
71
Calculate -49 + -2 + -11 + (-34 - -27) + 22.
-47
Calculate (-66 - -68) + 32 + 2 + -9.
27
What is the value of 0 + -33 + (25 - -1) + -27?
-34
What is (-32 - (-69 - -2)) + -7?
28
Evaluate 30 - (67 + -118 + 79).
2
28 - ((-3 - 13) + 111 + -33)
-34
(123 - (22 + 136)) + 138
103
What is the value of (722 - 717 - (-2 + 1 - 9)) + 7?
22
Calculate (13 - 54) + -85 + (-15 - -49).
-92
What is the value of (455 - 475 - (1 + 9)) + 11?
-19
What is 108 + -97 - (83 + -12 - 2)?
-58
What is the value of 2 + 1 - (8 + -1) - (2549 - 2562)?
9
What is (-60 - (-145 + 47)) + -84?
-46
What is (0 - (12 + 1)) + 17 - (74 + 5 + -3)?
-72
What is (77 - 11) + 7 + 1 + -152 + 154 + -11?
65
What is (0 - 64) + -3524 + 3558?
-30
What is the value of -10 - (25 + (-5 - 22))?
-8
What is (7 + -7 + 18 - (8 + -2)) + -1?
11
What is the value of 2 - 25 - (-167 - -168) - -75?
51
What is -534 + 562 + -64 + 1 + 2?
-33
What is the value of -127 - -169 - (6 - (-5 - 6))?
25
What is (-41 - -37 - 37) + 8 + -5?
-38
(-15 - 0) + 19 + -63 + 47 + (-6 - -120)
102
(1 - -70) + (-99 + 51 - (14 - 86))
95
2 + -11 + 21 + -49 + 2 + -6 + 13
-28
1 + 40 + -40 + (25 - 1) + 5
30
What is -10 + 18 + -23 + 32 + 27?
44
What is the value of 16 + 1 + -16 + 23 - -6?
30
What is the value of (-29 - (-9 - 10)) + 24 + 5?
19
Evaluate (39 + 14 - 42) + -33.
-22
Calculate -6 - (-216 + 198 + -54 + 1).
65
What is 38 + 1 + 52 + (-209 - -75)?
-43
1 + -7 + 5 - (164 - 219)
54
What is 22 + (-10 - -18 - 76) - 35?
-81
What is the value of -77 - (-60 + (17 - 23)) - (1 - 124)?
112
Evaluate (-26 - (-9 + 20)) + (-2 + 4 - -4).
-31
What is the value of 3 - (17 - (-3 + -28))?
-45
Calculate (15 - 40 - -15) + -2 + 60.
48
Evaluate (-24 - (7 - -64) - (-16 - 0)) + 12.
-67
What is the value of 89 + -134 - (-28 - 25)?
8
(-75 - -96) + (3 - 55) + -8
-39
Calculate -46 - (3 + 4 + (-46 - -55) - 16).
-46
What is the value of (132 + -103 - 64) + 121?
86
Calculate (-3 - -5 - (14 + -7)) + -5 + (-1 - -43).
32
Evaluate (7 - (-2 + 4)) + 181 + -188 - 7.
-9
Calculate -2 + (-12 + -2 - -20) + 73 + (-7 - -8).
78
What is the value of 5652 - 5583 - (93 - 3)?
-21
Calculate (56 - 51 - 40) + 38.
3
What is 7 - -25 - (1 + 43) - (3 - 0)?
-15
What is (14 + -3 + -25 - (-14 - -1)) + 26?
25
What is -5123 + 5128 + -22 + 1?
-16
What is -9 - (-16 - -27 - 51) - (6 + -2)?
27
Calculate (-2 - -1) + -88 + ((-2 - 21) + 20 - -10).
-82
Evaluate 124 + -181 + 32 - (3 + (1 - 1)).
-28
1 + -12 + -390 + (111 - -207)
-83
What is -2959 + 2897 - (-34 + -1)?
-27
What is -12 + (-127 + 162 - (-17 + -1))?
41
57 - (-4 + (-45 - -53) + (-2 - 0) + -7)
62
What is -666 - -662 - (8 + -4 + 48)?
-56
Evaluate 1 + (3 - 2) - (-1473 + 1493).
-18
What is the value of -2 - (-12 + -1) - (84 - (86 - 28))?
-15
Calculate 48 + (-35 - -32 - -27 - 25).
47
Evaluate -68 + 191 + -150 - (43 + 0).
-70
7 + -15 + 29 + (-15 - 40)
-34
What is (252 - 185) + -18 + -87?
-38
-3958 - -3966 - (-11 + 0 - 0)
19
Calculate (-3 - -53) + (-1156 - -1125).
19
What is (19 - 3) + (17 - 76)?
-43
Calculate -17 - 13 - 24 - -15.
-39
What is the value of -24 + (-9 - -3) + 8 + -7?
-29
What is (28 + -72 - 19) + 16?
-47
(-6 - -4 - 21) + 5 + -30
-48
Evaluate -74 + 128 + -66 + -1.
-13
Evaluate -17 + 0 - (-1 + -68 - (-2492 + 2552)).
112
Evaluate -94 + 95 + 3 + 44 + -4 - 4.
40
Calculate (21 - -21 - 47) + -46.
-51
(-58 - -166) + -105 + (-1 - -17)
19
41 - (-7 + 2 + (-228 - -256))
18
What is the value of -1 + (7 - -6 - ((5 - -1) + 1))?
5
Evaluate -67 + 10 + (-1 - -27) + (-14 - 2).
-47
Evaluate -36 - (1 - (204 - (2 + 18))).
147
What is (41 - 33) + (99 - 92 - (2 - 0 - 4))?
17
What is the value of -3 + (11 - 4) + (51 - 4)?
51
Evaluate 3 - (-18 + 27 - -21) - 4.
-31
What is -7 - ((3 + 2 - 1) + 44 - 11)?
-44
What is the value of 35 + (-9 - 114 - (-70 + 60))?
-78
What is 21 - (24 - 55) - (14 + -4)?
42
What is -22 + -30 + 57 + -2 + 0 + 55 + -9?
49
What is the value of (-33 - -33) + 2 + -17 + 49?
34
Evaluate -31 + -6 + 73 + -8 + -30.
-2
1 + -34 + 2 + (0 - (-52 - -57))
-36
What is the value of (-27 - (-24 + -31)) + -16?
12
(-5 - -49) + (-569 - -587)
62
Calculate 12 - -7 - (1 + -13 + -3).
34
What is the value of -47 + 70 + (-192 - -233 - (-17 - 0))?
81
(24 - 156) + 167 + -23
12
Evaluate -127 + -1 - ((231 - -20) + -282).
-97
Evaluate 137 - (142 + -77 - -97).
-25
Evaluate 205 + 64 + -273 + 86.
82
(5 - 1 - 59) + (46 - (44 + 3))
-56
Calculate (1 - -4) + 25 - (78 - 55).
7
What is (-1843 - -1872) + (-5 + -17 - 0)?
7
Evaluate 0 + (-1 - -13) - (0 - (-3 - 3)).
6
What is the value of 1 - (-32 + -5 - -3) - (44 + -49)?
40
Evaluate 107 - (-38 + (119 - 4)).
30
Evaluate -5 + -1 + (-1115 - -1241 - (4 + (-14 - 2))).
132
What is the value of -1413 + 1404 - (-61 + 3 + (0 - 1))?
50
What is -103 + 43 + 74 - (2 + 3 + -5 + 144)?
-130
Calculate